 2*u**3 + 16*u**2 + 4*u - 32. What is f(-7)?
38
Let v(c) = -c**2 + 41*c + 992. Calculate v(58).
6
Let t(j) = 55*j**3 + j**2 - 4*j + 1. Calculate t(1).
53
Let t(k) = -205*k**2 + 9*k - 7. Give t(1).
-203
Let c(v) = -71*v + 9873. Determine c(139).
4
Let q(b) = -b**3 + 49*b**2 + 97*b + 243. What is q(51)?
-12
Let j(m) = -22*m**2 + 35*m - 3. Determine j(1).
10
Let j(q) = -14*q**2 + 39*q - 10. Calculate j(5).
-165
Let n(v) = -21*v + 704. Give n(36).
-52
Let k(f) = 2*f**2 - 84*f - 87. Determine k(39).
-321
Let z(o) = 56*o - 4066. What is z(73)?
22
Let n(l) = l**2 - 80*l + 1659. Give n(37).
68
Let v(g) = 437*g - 8392. What is v(20)?
348
Let y(t) = -t**3 + 32*t**2 - 79*t + 1444. What is y(31)?
-44
Let b(o) = 784*o - 47. Calculate b(-1).
-831
Let g(i) = -177*i - 981. Give g(-5).
-96
Let n(j) = -3*j**3 - 9*j**2 + 9*j + 17. Give n(-5).
122
Let n(l) = -l**3 + 23*l**2 - 4*l + 190. Determine n(23).
98
Let x(s) = 162*s + 957. Calculate x(-6).
-15
Let h(g) = -56*g**2 - 613*g + 3. Calculate h(-11).
-30
Let j(a) = -65*a + 1453. Give j(22).
23
Let r(t) = t**2 + 49*t + 93. Calculate r(-47).
-1
Let a(j) = -82*j - 11579. Give a(-141).
-17
Let i(o) = -o**3 - 3*o**2 - 22*o - 2. Calculate i(-5).
158
Let f(u) = u**2 - 20*u + 16. Give f(17).
-35
Let d(b) = -2*b**3 - 22*b**2 + 2*b + 17. Calculate d(-11).
-5
Let v(w) = 286*w - 19740. Calculate v(69).
-6
Let v(w) = -350*w**3 + 2*w**2 - 2*w - 1. Calculate v(1).
-351
Let m(d) = d**2 - 42*d + 166. Calculate m(31).
-175
Let v(l) = -l**3 - 39*l**2 - 43*l - 259. What is v(-38)?
-69
Let x(b) = 6*b**2 + 184*b - 1286. Determine x(7).
296
Let d(i) = i**3 - 14*i**2 + 19*i - 263. Calculate d(14).
3
Let u(w) = -w**2 + 66*w - 1090. Calculate u(41).
-65
Let f(m) = m**3 + 25*m**2 + 63*m - 38. Calculate f(-22).
28
Let g(b) = -b**2 - 139*b + 1020. Determine g(-146).
-2
Let k(y) = -3*y**3 + 103*y**2 - 31*y - 87. Calculate k(34).
15
Let r(k) = -k**3 + 21*k**2 - 10*k - 25. Calculate r(20).
175
Let j(y) = 8845*y - 97297. What is j(11)?
-2
Let b(x) = -x**3 + 60*x**2 + 349*x - 13960. Calculate b(62).
-10
Let y(p) = 21*p + 1894. Give y(-91).
-17
Let d(f) = -52*f + 11111. Give d(214).
-17
Let z(a) = -3*a**2 - 84*a - 98. Determine z(-27).
-17
Let i(g) = -g**2 + 11*g + 60. What is i(-6)?
-42
Let g(o) = -22*o**2 + 127*o + 17. Determine g(5).
102
Let j(p) = 2*p**3 + 40*p**2 + 45*p + 116. Determine j(-19).
-17
Let l(i) = i**2 + 22*i + 5. Determine l(-2).
-35
Let v(r) = -4*r**3 + 70*r**2 + 73*r - 2703. Give v(16).
1
Let a(h) = 8*h + 744. What is a(-95)?
-16
Let b(i) = -i**3 - 13*i**2 - 291*i - 3762. What is b(-13)?
21
Let x(y) = -y**2 + 18*y + 56. Determine x(-5).
-59
Let p(c) = 44*c - 22. Calculate p(7).
286
Let b(o) = o**2 + 39*o - 734. Calculate b(22).
608
Let i(y) = 2011*y - 40192. Give i(20).
28
Let o(y) = y**3 - 50*y**2 + 54*y - 251. Give o(49).
-6
Let k(o) = o**3 + 64*o**2 + 63*o - 83. Give k(-63).
-83
Let o(u) = -u**3 + 27*u**2 - 50*u - 35. Determine o(25).
-35
Let c(y) = -4*y + 159. Determine c(-16).
223
Let z(y) = 72*y + 1454. Determine z(-20).
14
Let x(z) = -z**3 - 20*z**2 - 35*z + 58. What is x(-18)?
40
Let f(w) = 2*w**3 + 88*w**2 + 86*w + 24. What is f(-43)?
24
Let x(j) = -254*j - 3213. What is x(-13)?
89
Let o(j) = 462*j - 4616. Give o(10).
4
Let t(i) = 4613*i - 36906. What is t(8)?
-2
Let n(o) = -2*o**2 - 39*o + 234. What is n(-24)?
18
Let p(y) = y**2 + 138*y + 2185. What is p(-18)?
25
Let o(c) = -6*c**3 + 1473*c**2 + 736*c + 502. Determine o(246).
10
Let a(q) = -q**2 - 57*q - 793. Determine a(-25).
7
Let w(l) = -2*l**2 - 103*l + 7317. Determine w(40).
-3
Let h(f) = -16*f**2 - 464*f. Give h(-29).
0
Let d(n) = -27*n - 17. Determine d(17).
-476
Let t(g) = -2*g**2 + 70*g - 30. What is t(34)?
38
Let j(m) = -363*m + 38482. What is j(106)?
4
Let r(l) = -l**3 + 40*l**2 + 39*l + 24. What is r(41)?
-58
Let t(v) = -3*v**3 + 5*v**2 + v + 10. Give t(6).
-452
Let d(y) = -y**3 - 6*y**2 + 777*y + 56. Give d(-31).
-6
Let g(r) = -123*r - 497. Determine g(-4).
-5
Let b(j) = -2*j**2 - 95*j - 59. Determine b(-47).
-12
Let j(n) = 420*n - 2094. Give j(5).
6
Let t(f) = -3232*f + 122810. Determine t(38).
-6
Let a(l) = -l**2 + 18*l + 105. Give a(21).
42
Let u(a) = -547*a + 6569. Determine u(12).
5
Let m(v) = 2*v**3 - 84*v**2 + 81*v + 40. What is m(41)?
-1
Let a(y) = -3*y**2 + 12*y - 35. Determine a(4).
-35
Let r(x) = -x**2 + 75*x - 405. Give r(5).
-55
Let n(x) = -41*x - 649. What is n(-16)?
7
Let a(i) = -i**3 - 41*i**2 - 289*i - 24. What is a(-32)?
8
Let r(v) = 81*v + 10285. Calculate r(-127).
-2
Let a(y) = 30*y - 124. What is a(6)?
56
Let c(x) = -2*x**2 - 50*x + 164. Calculate c(-28).
-4
Let c(a) = -a**3 - 10*a**2 + 32*a + 14. Determine c(-13).
105
Let v(r) = -41*r - 1535. Calculate v(-44).
269
Let r(v) = -4*v**2 - 72*v - 181. Calculate r(-14).
43
Let l(a) = 707*a - 6. What is l(0)?
-6
Let d(l) = 27*l**2 - l - 86. Calculate d(2).
20
Let w(b) = b**3 + 8*b**2 - 92*b - 507. Calculate w(-6).
117
Let g(k) = k**2 + 11*k + 179. Determine g(-12).
191
Let o(i) = -12*i - 80. Determine o(-8).
16
Let z(w) = -960*w + 3974. Calculate z(4).
134
Let v(r) = -r**3 + 25*r**2 + 11*r - 51. Determine v(25).
224
Let j(u) = -u**3 - 6*u**2 - 7*u - 44. What is j(-7)?
54
Let m(i) = 59*i - 729. What is m(12)?
-21
Let a(j) = -17*j + 33. Calculate a(6).
-69
Let m(t) = -46*t**2 - 454*t - 6. Determine m(-10).
-66
Let p(a) = -6*a - 51. What is p(-7)?
-9
Let q(o) = o**3 + 120*o**2 - 1583*o + 139. Calculate q(-132).
7
Let i(n) = n**3 - 7*n**2 - 7*n + 10. Give i(7).
-39
Let b(t) = -30*t - 222. What is b(-9)?
48
Let b(o) = o**3 - 11*o**2 + 100*o - 1155. Calculate b(11).
-55
Let o(h) = -28*h - 447. Calculate o(-16).
1
Let m(j) = j**3 - 36*j**2 - 100*j - 14. Determine m(-3).
-65
Let l(m) = -m**3 - 39*m**2 + 206*m - 611. Give l(-44).
5
Let c(j) = 47*j + 1073. What is c(-23)?
-8
Let g(j) = 4*j**3 - 39*j**2 - 30*j + 194. Calculate g(10).
-6
Let l(j) = -35*j + 3887. Calculate l(111).
2
Let c(t) = 2*t**3 - 30*t**2 + 27*t + 37. Calculate c(14).
23
Let j(v) = -v**3 + 2*v**2 + 15*v - 5. Give j(-4).
31
Let b(u) = -1419*u**2 + 2861*u - 2. Calculate b(2).
44
Let g(b) = -b**3 + 10*b**2 + 314*b - 3147. Give g(10).
-7
Let y(t) = 6*t - 131. Determine y(22).
1
Let i(t) = -t**3 - 20*t**2 - 92*t + 34. What is i(-8)?
2
Let j(n) = 2*n**3 - 11*n**2 - 10*n + 25. Determine j(6).
1
Let b(c) = c**3 + 40*c**2 + 84*c + 33. Give b(-38).
-271
Let o(h) = -h**3 - 24*h**2 - 297*h - 1577. Calculate o(-10).
-7
Let c(d) = d**3 - d**2 - 747*d + 260. Give c(-27).
17
Let s(y) = 100*y - 311. Give s(3).
-11
Let y(n) = 6*n + 408. Determine y(43).
666
Let k(p) = p**2 - 106*p + 1389. Determine k(17).
-124
Let j(v) = 5*v**2 + 21*v - 103. What is j(5)?
127
Let c(w) = 225*w + 2418. What is c(-11)?
-57
Let x(s) = 4047*s - 8098. Calculate x(2).
-4
Let d(c) = -9*c - 52. What is d(44)?
-448
Let o(p) = 152*p - 164. What is o(0)?
-164
Let j(u) = 6*u**2 - 287*u - 345. Determine j(49).
-2
Let k(u) = -15*u**2 + 1062*u - 2054. Determine k(2).
10
Let z(o) = 42*o**3 + 1345*o**2 + 29*o - 102. Determine z(-32).
-6
Let z(a) = 1197*a - 19153. Determine z(16).
-1
Let g(j) = -j**2 + 17*j - 4. What is g(3)?
38
Let x(r) = 73*r + 249. Give x(-4).
-43
Let j(g) = -15*g + 60. Give j(-3).
105
Let k(w) = -2*w**3 - 6*w**2 + 20*w - 5. What is k(3)?
-53
Let t(x) = x**3 - 9*x**2 + 7*x + 27. Determine t(10).
197
Let j(b) = -10*b**2 - 84*b - 526. What is j(-7)?
-428
Let b(i) = -i**2 - 23*i + 153. What is b(7)?
-57
Let s(b) = -b**2 - 260*b + 4. Determine s(0).
4
Let q(r) = r**2 + 531*r - 4313. Determine q(8).
-1
Let y(m) = 10*m - 75. Calculate y(7).
-5
Let c(k) = 9*k + 196. What is c(-9)?
115
Let r(u) = -u**3 - 7*u**2 + 105*u + 766. Calculate r(-8).
-10
Let k(a) = -a**3 + 3*a**2 + 19*a + 201. Calculate k(8).
33
Let r(p) = 2*p**2 - 13*p - 41. Calculate r(9).
4
Let f(b) = -180*b**2 - 3061*b - 13. Give f(-17).
4
Let k(p) = 11*p**3 + p**2 - 2*p + 5. Calculate k(2).
93
Let c(z) = -195*z - 1154. Give c(-6).
16
Let j(p) = 13*p**3 + 15*p**2 - 12*p - 32. Determine j(2).
108
Let d(l) = -54*l + 646. Give d(12).
-2
Let v(f) = -2*f + 193. Give v(18).
157
Let i(v) = 6*v - 95. Calculate i(14).
-11
Let s(r) = r**3 - 6*r**2 - 53*r + 254. Calculate s(9).
20
Let x(l) = 26*l + 134. Determine x(7).
316
Let x(v) = v**3 - 34*v**2 - 82*v + 335. Calculate x(36).
-25
Let p(m) = m**3 + 177*m**2 + 1501